ppose -5*s + 94 = h, 3*s + 3*h = 7*h + 38. Suppose 4*x - s = -2. Suppose -x*d - 38 = -n, -6*n + 4*d = -3*n - 106. List the prime factors of n.
2, 17
Let k be 66/18 + (-1)/(-3). Suppose 5*x = -l + 95, -6*x = -x + k*l - 80. What are the prime factors of -2 + 2 + 3 + x?
23
Suppose 200 = z - 3*s - 119, -5*z + s + 1665 = 0. Suppose z = 5*x + 3*b, -b + 2*b + 322 = 5*x. List the prime factors of x.
5, 13
Let o(s) = -s + 33 - 6*s - 36. What are the prime factors of o(-10)?
67
Suppose 323 = -3*m + 914. Let x = 403 - m. List the prime factors of x.
2, 103
Suppose -3*a = 5*z - 2630, -2708 + 33 = -3*a + 4*z. List the prime factors of a.
3, 5, 59
Let w be 2 - (-20)/(-5) - -437. Suppose -4*a - 23 = -w. What are the prime factors of a?
103
List the prime factors of (-571)/2*(-42)/147*21.
3, 571
Suppose -n + 176 - 4 = 0. Suppose 2*t - z = 2*z + 73, -5*t + 4*z + n = 0. List the prime factors of t.
2
Let p(b) = -b - 11. Let i be p(-6). What are the prime factors of 1 + -1 - (-116 + i/(-1))?
3, 37
Suppose 25*m - 2990 = 15*m. Suppose -606 = -4*f + 2*p, -f + 5*p + m = f. What are the prime factors of f?
2, 19
Suppose -3*l = l + 428. Let g = -47 - l. What are the prime factors of g?
2, 3, 5
Suppose -468 = -4*w - 4*c, -5*w - 3*c = -3*w - 232. List the prime factors of w.
7, 17
Let y = 83 + 448. What are the prime factors of y?
3, 59
Let h = -2 + 5. Let o be (12/(-10))/(10/(-1450)). Suppose 2*i - o = -4*j, h*j = 4*j + 5*i - 39. List the prime factors of j.
2, 11
Suppose -d + n = -25, 4*d = 2*d + 3*n + 55. Suppose -44 = -3*q + 58. Let b = q - d. What are the prime factors of b?
2, 7
Suppose 4*p = 3*p + 76. Suppose -i + p = i. What are the prime factors of i?
2, 19
Let b(s) = -30*s**3 - 6*s**2 - 5*s - 5. Suppose -15 = 4*m - 7. List the prime factors of b(m).
13, 17
Let a(j) = -j**3 - j**2 - j + 1. Let q(s) = s**2 + s. Let r(m) = a(m) + 6*q(m). Let z be r(6). What are the prime factors of 6 + z + -1 + 12?
2, 3
Let j(v) = v - 9. Let i be j(13). Let m be ((-4)/(-3))/(i/6). Suppose 0 = -n - 5*k + 49, -m*k - 74 - 22 = -3*n. List the prime factors of n.
2, 17
Let i(s) = 0 - 7*s**2 - 1 + 36*s**2. Suppose 5*n - 2 = -7. What are the prime factors of i(n)?
2, 7
Let a = 266 - 164. Let j = 117 + a. Suppose 79 = 2*k - 4*w + 1, 0 = -5*k + 4*w + j. What are the prime factors of k?
47
Let q = -52 + 32. Suppose -6*l + 56 = 80. Let y = l - q. List the prime factors of y.
2
What are the prime factors of (-102850)/(-153) - (-2)/(-9)?
2, 3, 7
Let k(n) be the second derivative of n**5/20 + 5*n**4/6 + 8*n**3/3 + 7*n**2/2 + 6*n. List the prime factors of k(-6).
5, 11
Let x be 11 + ((-2)/(-2) - -2). Suppose x*l - 165 = 11*l. What are the prime factors of l?
5, 11
Let j(g) = g**2 - 10*g + 13. Let l be j(9). Let y be 12*l/24*-4. What are the prime factors of 108/(-10)*20/y?
3
Let v(y) = -y**2 - 2*y + 3. Let p be v(0). Suppose -4*z + p*m = -451, 0 = z - 5*m - 3 - 97. What are the prime factors of z?
5, 23
Let m = -2 - 1. What are the prime factors of -3 + (-6)/(-2) + 61 + m?
2, 29
Suppose 6*r = -0*r + 2466. What are the prime factors of r?
3, 137
Suppose d + n = 157, -d - 5*n = -3*n - 159. Suppose -5*g + 685 = -d. List the prime factors of g.
2, 3, 7
Suppose -3*v + 20 = 8. Suppose -v*w + 16 = -36. Let g = 18 - w. List the prime factors of g.
5
Suppose 0 = -d - 3*q - 46, -36 = d - 3*q + 4*q. Let z = 53 + d. What are the prime factors of z?
2, 11
Suppose 0 = -3*n, -1 = 3*g - 5*n - 16. Let u be (-3)/(-9) - (-2)/(6/5). Suppose -3*k + 43 = 5*b, -u*b - 84 = -g*k + 2*b. What are the prime factors of k?
2
Let a be ((-30)/(-25))/(4/(-10)) - 8. List the prime factors of (23*a + -1)*(-2)/4.
127
Let h be (-18)/21*(-14)/4. Let f be -7 - (h + (3 - 10)). List the prime factors of (-96)/f - (-5)/5.
3, 11
Let j(i) = -14*i - 18. Let f be j(2). Let l be 66*3/4*-2. Let y = f - l. What are the prime factors of y?
53
Let b(s) be the first derivative of s**4/4 + 3*s**2/2 - s - 3. Let j(p) = 3*p**3 - p**2 + 5*p - 1. Let o(z) = -5*b(z) + 2*j(z). List the prime factors of o(4).
3, 5
Let j(h) = h + 53. Let w be j(0). Let b(g) = -6*g - 5. Let p be b(-6). Let v = w - p. What are the prime factors of v?
2, 11
Let z = -13 + 18. Let t(h) = 2*h**2 - 7*h - 11. Let d be t(7). Suppose r - d = -z*a, -2*a = 5*r - 7*a - 100. What are the prime factors of r?
23
Suppose -3*u = 4*m + 35, 3*m - 4*m = u + 11. Let a(k) = 2*k**2 + 9*k - 8. List the prime factors of a(u).
73
Suppose -4*o + 24 = -0*o. Let h be (-4)/(-10) + 14/(-10). List the prime factors of (51/h)/(o/(-4)).
2, 17
What are the prime factors of 11 - ((-1 - 889) + -10)?
911
Let d = -61 - -105. Let n = -712 - -697. Let h = d - n. What are the prime factors of h?
59
Let h(s) = 32*s + 71. Let i be h(-5). What are the prime factors of (i - -2)*(16 - 19)?
3, 29
Suppose 109 + 1 = 10*n. Suppose -155 = -2*l - n. List the prime factors of l.
2, 3
Let a = 160 - 360. List the prime factors of 4 + a/(-6 - -2).
2, 3
List the prime factors of (798/(-8))/(2/(-9 - -1)).
3, 7, 19
Suppose -4*z + 17 = 5*w, -3*w - z - 2*z + 12 = 0. What are the prime factors of (-1*w)/(14/(-798))?
3, 19
Suppose 1712 = -4*i + 8*i. Suppose -5*w = -i + 53. Let g = -52 + w. What are the prime factors of g?
23
Suppose 495 = 5*a - 870. List the prime factors of a.
3, 7, 13
Suppose -a - 15 = 3*t, -2*t - 4 + 0 = 0. Let n(s) be the first derivative of s**4/4 + 3*s**3 - 3*s**2 + 7*s + 246. List the prime factors of n(a).
61
Suppose s = 872 + 863. What are the prime factors of s?
5, 347
Let q(c) = -23*c + 1. Let v be 22/(-14) + 42/(-98). List the prime factors of q(v).
47
Suppose 2*m - m = -3*r + 214, 2*r = -2*m + 416. What are the prime factors of m?
5, 41
Let j(m) = -11*m**2 - 4*m**2 + 14*m**2 - 6 + 8*m. List the prime factors of j(6).
2, 3
Suppose -5*l = -5*o + 30, 2*o = 7*o - l - 14. Suppose o*f + 4 = 2. What are the prime factors of (13 - 4) + f*1?
2
Let t(b) = 394*b + 538. What are the prime factors of t(6)?
2, 1451
Suppose 0 = -5*p + 47 + 53. Suppose p*v - 14*v = 480. List the prime factors of v.
2, 5
Suppose 3*y = 10 + 2. Let p(w) = 4*w**2 - 4*w + 11. What are the prime factors of p(y)?
59
Let j(a) = a**3 + 10*a**2 - 12*a - 14. Let m be j(-11). Let w be 5*3/15 - m. List the prime factors of -4*(2 - 79/w).
71
Let t(v) = -4*v - 9. Let c be t(11). Let k = c - -106. What are the prime factors of k?
53
What are the prime factors of 1 + -8 + (3547 - 3 - -3)?
2, 3, 5, 59
Let r be -9*(-10)/12*-8. Let d = -12 - r. What are the prime factors of d?
2, 3
Let m(g) = g - 1. Let c(y) be the second derivative of -y**4/12 + y**3/6 - y**2/2 - 3*y. Let k(w) = -c(w) + 3*m(w). List the prime factors of k(3).
13
What are the prime factors of (-1772*(-11)/(-44))/(-1*1)?
443
Let h(p) = -p**3 - 7*p**2 + 16*p - 3. Let o be h(-11). Suppose 4*t + 33 - o = 0. List the prime factors of t.
2, 17
Let g = 16 + -19. Let i be -2 + 3 - 3/g. What are the prime factors of i - 96/(-4)*1?
2, 13
Suppose 232 = 6*h + 2*h. Suppose -23 - h = -f. List the prime factors of f.
2, 13
Let x = 993 + -141. List the prime factors of x.
2, 3, 71
Suppose -2*d = 5*z - 4630, z - 74 = d - 2403. List the prime factors of d.
3, 5, 31
Let q = 8 - 6. Let w(m) = m**2 + 6*m + 8. Let f be w(-11). Suppose -133 = -3*z + u, z - 3*u - q*u = f. List the prime factors of z.
43
Suppose g - 7*g + 3120 = 0. Suppose 0*x + 5*x - g = 0. What are the prime factors of ((-150)/8)/((-39)/x)?
2, 5
Suppose -5 - 4 = -3*m. Let l be (-3)/12 - 27/(-12). Suppose -m*g = -l*o - 3*o - 101, -43 = -g - 3*o. List the prime factors of g.
37
Suppose 2*l + 2*m + 2*m - 16 = 0, -52 = -4*l - 3*m. Suppose -4*n = l, -2*t = n + 4*n + 6. Suppose t*u = 6*u + 33. What are the prime factors of u?
3, 11
Let l be (-15)/5 + 6/2. Suppose r = -4*g - l + 20, 3*g - 4 = 2*r. Suppose -m - 60 = -g*m. List the prime factors of m.
2, 5
Let f be (-1)/((-7)/(-2)) - 74/(-14). Suppose -7*v + 9*v = -a, -f = -a + 3*v. What are the prime factors of a?
2
Suppose -3*c + 1255 = r, 5*r - 4*c = 3*c + 6253. What are the prime factors of r?
2, 313
Suppose 5*f = u - 39, 3*u - 2*f = -5*f + 27. Let a be 16/6 + (-4)/6. Suppose -10 = -a*h - 3*k, -u = -h - h - k. List the prime factors of h.
2
Let h = 977 - -559. What are the prime factors of h?
2, 3
Let m = 3172 - 1947. List the prime factors of m.
5, 7
Suppose -12*n + 207 = -2457. What are the pri